3320 (base 5) to base 14
-24c
111101 (base 3) to base 11
2a9
What is 13b2 (base 13) in base 10?
2849
-2221 (base 4) to base 6
-441
Convert -1211 (base 9) to base 15.
-401
Convert -1cb (base 14) to base 7.
-1044
Convert -132431 (base 5) to base 7.
-21434
Convert 9e (base 16) to base 6.
422
-43a (base 14) to base 6
-3512
320243 (base 5) to base 16
29ca
What is -2707 (base 16) in base 6?
-114131
-100012 (base 3) to base 5
-1443
-e9 (base 15) to base 2
-11011011
Convert 2591 (base 10) to base 8.
5037
-23778 (base 10) to base 16
-5ce2
What is -65 (base 11) in base 16?
-47
What is -21030 (base 7) in base 14?
-1c50
-440310 (base 5) to base 4
-3223220
Convert -211 (base 6) to base 3.
-2221
-3b2b (base 16) to base 11
-10420
What is -11a1 (base 12) in base 4?
-133021
Convert -2626 (base 11) to base 3.
-11200112
What is 1103202 (base 4) in base 13?
2583
Convert 113223 (base 5) to base 4.
1001130
What is -4121 (base 10) in base 6?
-31025
-3c5 (base 13) to base 7
-1643
What is 5352 (base 7) in base 11?
1477
What is 1595 (base 12) in base 3?
10111212
178 (base 13) to base 5
2033
-5526 (base 14) to base 4
-3212032
-5e0e (base 15) to base 14
-7435
Convert -44351 (base 6) to base 10.
-6187
-26500 (base 7) to base 11
-537a
What is -51748 (base 9) in base 5?
-2043040
8113 (base 14) to base 3
1010101221
-51 (base 7) to base 16
-24
4865 (base 10) to base 5
123430
What is 6365 (base 8) in base 15?
eb2
Convert -a76 (base 15) to base 5.
-33421
What is -109 (base 11) in base 7?
-244
933 (base 11) to base 12
799
What is -46601 (base 10) in base 14?
-12da9
What is 4063 (base 11) in base 16?
1511
-84 (base 15) to base 4
-1330
What is 82d5 (base 15) in base 10?
27650
What is -21101 (base 3) in base 2?
-11000111
Convert -20a (base 12) to base 16.
-12a
Convert 2020131 (base 5) to base 9.
48566
101300 (base 4) to base 6
5132
Convert 253 (base 7) to base 5.
1021
Convert -40232 (base 5) to base 9.
-3462
7e4 (base 16) to base 11
1577
Convert -24b1 (base 14) to base 15.
-1d87
222400 (base 6) to base 13
86a0
-10010011 (base 2) to base 7
-300
What is 1175 (base 8) in base 16?
27d
Convert -45c0 (base 13) to base 14.
-37d3
25555 (base 7) to base 10
6802
What is 114 (base 16) in base 2?
100010100
Convert -b334 (base 15) to base 10.
-37849
-2a7 (base 15) to base 8
-1137
Convert -46a (base 14) to base 8.
-1556
What is -1012 (base 4) in base 10?
-70
Convert 32203 (base 5) to base 7.
6231
452 (base 15) to base 7
2564
What is 12112 (base 7) in base 11?
23aa
Convert 7150 (base 11) to base 2.
10010100010101
Convert 126 (base 12) to base 5.
1144
Convert 259c (base 14) to base 2.
1100111001110
Convert 24204 (base 6) to base 15.
10a7
2730 (base 10) to base 3
10202010
What is 129 (base 10) in base 4?
2001
What is 9768 (base 11) in base 7?
52416
Convert 1ab6 (base 14) to base 9.
6604
What is 1220103 (base 4) in base 3?
100011020
-48543 (base 9) to base 12
-169a0
What is -501 (base 12) in base 10?
-721
What is 1195 (base 12) in base 10?
1985
What is 112247 (base 8) in base 13?
14424
Convert a75 (base 14) to base 13.
c29
What is 11c1 (base 14) in base 16?
c25
-6972 (base 14) to base 8
-43630
7523 (base 8) to base 6
30055
What is -300 (base 14) in base 3?
-210210
Convert -11611 (base 7) to base 10.
-3046
What is -110100000 (base 2) in base 11?
-349
What is -1dc7 (base 14) in base 3?
-21111111
Convert 27 (base 12) to base 11.
29
Convert -2c8 (base 16) to base 11.
-598
What is 24701 (base 9) in base 5?
1012411
-ba0 (base 14) to base 6
-14344
Convert 86c (base 14) to base 7.
4565
What is 5102 (base 6) in base 4?
101132
What is -1aa (base 14) in base 11?
-295
What is 1001011110 (base 2) in base 7?
1524
34452 (base 7) to base 16
2268
Convert 126 (base 15) to base 2.
100000101
-100100011 (base 2) to base 10
-291
-1ba9 (base 12) to base 16
-d71
Convert 11924 (base 12) to base 10.
23788
-221002 (base 3) to base 5
-10202
What is -22010 (base 3) in base 16?
-db
What is -1387 (base 11) in base 7?
-5134
What is -11f7 (base 16) in base 6?
-33143
360 (base 12) to base 8
770
1100000111011 (base 2) to base 3
22111202
-100011001111 (base 2) to base 11
-1770
What is -875 (base 16) in base 12?
-1305
What is 137 (base 13) in base 15?
e5
What is -89 (base 11) in base 12?
-81
Convert 11130130 (base 4) to base 3.
1010120221
-10000100111 (base 2) to base 4
-100213
What is 44533 (base 11) in base 15?
141be
Convert -4432 (base 5) to base 15.
-2b2
223301 (base 8) to base 15
17557
What is -341 (base 16) in base 4?
-31001
What is -233125 (base 6) in base 15?
-5e7b
Convert -105553 (base 6) to base 5.
-242234
What is a2c (base 13) in base 10?
1728
What is -7c3 (base 14) in base 15?
-6cd
What is 241120 (base 5) in base 3?
110020000
What is -19 (base 16) in base 13?
-1c
What is 111001 (base 3) in base 5?
2402
What is -120120 (base 3) in base 6?
-1540
-2398 (base 13) to base 4
-1032202
What is 213330 (base 5) in base 16?
1cac
100010 (base 5) to base 10
3130
1306 (base 7) to base 10
496
Convert 302a (base 12) to base 5.
131333
114420 (base 6) to base 15
2ecc
What is -2133120 (base 4) in base 6?
-115120
Convert -3724 (base 16) to base 3.
-201100211
1122320 (base 4) to base 9
7872
Convert 132 (base 13) to base 16.
d2
511 (base 7) to base 14
141
What is -3214 (base 7) in base 2?
-10001110010
Convert -127a (base 11) to base 12.
-b64
What is 486 (base 10) in base 12?
346
-d40 (base 16) to base 8
-6500
Convert -7534 (base 11) to base 7.
-41015
Convert 12464 (base 9) to base 12.
4a41
What is 101102 (base 3) in base 8?
431
-11110011011 (base 2) to base 12
-1163
-3ce (base 15) to base 8
-1545
e04 (base 15) to base 9
4284
Convert -b1a7 (base 12) to base 14.
-7051
Convert 21253 (base 7) to base 4.
1102201
Convert 1647 (base 8) to base 3.
1021122
Convert 11011000100 (base 2) to base 12.
1004
-10011020122 (base 3) to base 4
-33023000
b812 (base 13) to base 3
1022000201
Convert 329 (base 12) to base 15.
210
Convert -10100233 (base 4) to base 9.
-25844
Convert -1100114 (base 5) to base 11.
-13127
What is -4093 (base 13) in base 15?
-298d
What is -3457 (base 8) in base 2?
-11100101111
What is 11011100101110 (base 2) in base 7?
56120
What is 1046 (base 8) in base 10?
550
What is 9132 (base 15) in base 4?
13132313
Convert -642 (base 8) to base 2.
-110100010
What is da7 (base 15) in base 9?
4204
3a7 (base 12) to base 14
2bd
Convert -51 (base 10) to base 16.
-33
What is 1101012 (base 3) in base 16?
3ec
Convert 11005 (base 7) to base 16.
abd
What is -ad (base 15) in base 5?
-1123
What is 101110000110000 (base 2) in base 14?
885a
14535 (base 6) to base 9
3215
Convert -11413 (base 5) to base 16.
-35a
Convert 1476a (base 11) to base 6.
240412
What is 289 (base 12) in base 10?
393
-cd42 (base 14) to base 8
-105316
Convert -6330 (base 8) to base 7.
-12405
What is 3454 (base 11) in base 4?
1012320
-19f (base 16) to base 4
-12133
-788 (base 14) to base 10
-1492
What is -222 (base 16) in base 13?
-330
Convert -33746 (base 8) to base 15.
-4390
What is 131431 (base 5) in base 6?
40133
-520 (base 14) to base 11
-837
174 (base 13) to base 14
14c
Convert 1010 (base 5) to base 12.
aa
What is -35555 (base 8) in base 3?
-202212110
What is -22408 (base 9) in base 4?
-3221000
Convert 133220 (base 4) to base 10.
2024
Convert 34013 (base 6) to base 8.
11231
What is 4033 (base 8) in base 3?
2211212
Convert 12 (base 13) to base 9.
16
Convert -130032 (base 5) to base 15.
-1747
Convert 1592 (base 11) to base 16.
7f5
-1001012201 (base 3) to base 5
-1124231
What is 1614 (base 14) in base 11?
2a60
Convert -221122212 (base 3) to base 12.
-a9ab
What is -101011110010011 (base 2) in base 9?
-33670
-13041 (base 5) to base 9
-1354
What is -5495 (base 12) in base 10?
-9329
What is 16540 (base 7) in base 3?
20111021
4132 (base 5) to base 8
1036
Convert -10000010 (base 2) to base 11.
-109
100011000100100 (base 2) to base 3
220122001
140212 (base 5) to base 12
3356
-b727 (base 12) to base 3
-1000111111
-a4ee (base 15) to base 16
-883a
-59fa (base 16) to base 6
-254350
Convert -32 (base 16) to base 6.
-122
What is -2064 (base 14) in base 15?
-19bb
Convert 1047 (base 8) to base 16.
227
-100001110010 (base 2) to base 7
-6206
What is 701 (base 11) in base 15?
3b8
What is 10001000000101000 (base 2) in base 14?
1b568
Convert 1101011101 (base 2) to base 13.
513
Convert -1230 (base 5) to base